 101, 3*z = -3*a + 63. Calculate the remainder when 146 is divided by z.
13
Let z be (-12)/(-20) - (-576)/15. Suppose 0 = 5*i - 181 - z. Suppose 5*g = j - i, 0 = 6*j - j + 2*g - 301. Calculate the remainder when j is divided by 15.
14
Let m = -243 + 299. Calculate the remainder when m is divided by 22.
12
Let s(i) = i + 11. Let y(l) = -2*l - 21. Let c(n) = -11*s(n) - 6*y(n). Let d be c(-6). Calculate the remainder when 23 is divided by 1 + -5 - d - -12.
5
Suppose 0 = -5*d + 1358 + 27. What is the remainder when d is divided by 22?
13
Suppose 3*n + 5*q - 123 = 0, 5*n = -5*q + 103 + 102. What is the remainder when 327 is divided by n?
40
Suppose -54 = -4*p + 114. Let b = -15 + p. Suppose 6*o - 9*o = -234. Calculate the remainder when o is divided by b.
24
Suppose -4*j + 9*j = -3*b - 206, 241 = -3*b + 2*j. Let n = b + 106. Calculate the remainder when n is divided by 12.
5
Let j be ((-21)/(-9) - 2)*9. Suppose 0 = j*v - 4*v. Suppose v*t - 30 = -2*t. Calculate the remainder when 28 is divided by t.
13
Let w = 123 - 94. Let r(f) = -f**3 - 6*f**2 - 4*f - 8. Calculate the remainder when w is divided by r(-6).
13
Suppose -7*a - 126 = -3*f - 4*a, -5*f = -a - 210. Calculate the remainder when 97 is divided by f.
13
Suppose -2*k + 88 = -8. Suppose 4*j - 4 = 3*t - 9, -5*t + 55 = 5*j. What is the remainder when k is divided by t?
6
Suppose 172 - 24 = -2*i. Let g = i - -127. Calculate the remainder when g is divided by 19.
15
Suppose -5*t = -4*r - 299, 5*r + 123 = -18*t + 20*t. Let u = 5 + -8. Calculate the remainder when t is divided by u/(-4)*(6 + 34).
29
Suppose 2*m + m = 0. Let b be 12*((-4)/8 - m). What is the remainder when 48 is divided by (306/(-54))/(2/b)?
14
Suppose 0 = f - 0*f - q - 19, 59 = 3*f - 5*q. Let u = f + -15. What is the remainder when 5 is divided by u?
2
Let g = 51 + -25. What is the remainder when g is divided by -1*-17*(2 - 1)?
9
Suppose 2*k = 0, 3*r + 0*k = -2*k + 15. Let j be 1/((-4)/(r - 1)). What is the remainder when 39 is divided by (j - -14) + (-3 - -4)?
11
Let i(q) = -q + 13. Let a be 0 - 10*(-2 + 1). Let p be i(a). Suppose 119 = p*f + 8. Calculate the remainder when f is divided by 13.
11
Let t(p) = p**3 + 6*p**2 + 11. Let f = 16 + -23. Let g(z) = -z**3 - 7*z**2 - z - 1. Calculate the remainder when t(0) is divided by g(f).
5
Suppose 2*a - 3*a + 11 = 0. Suppose -42 = -17*s + a*s. Let v(x) = 2*x. What is the remainder when v(9) is divided by s?
4
Let p = 197 + -185. Calculate the remainder when 137 is divided by p.
5
Let w = -94 - -45. Let m(v) = 6*v**2 + 2*v - 6. Let u be m(4). Let g = u + w. What is the remainder when g is divided by 13?
10
What is the remainder when 1210*8/6*(-174)/(-464) is divided by 32?
29
Let f(s) = 102*s - 10. Let o be f(6). Suppose -7*n + 0*n + o = 0. Calculate the remainder when n is divided by 44.
42
Let q(u) = u**3 + 7*u**2 - 22*u + 18. Let p(b) = -2*b**3 - 13*b**2 + 45*b - 36. Let v(n) = 4*p(n) + 9*q(n). What is the remainder when v(-12) is divided by 19?
14
Let y be (27/(-15))/(-3)*5. Suppose -5*z + y*b = 15 - 57, 2*b + 8 = 0. Suppose 4 + z = d. Calculate the remainder when d is divided by 4.
2
Let j(h) = 124*h**2 - 90*h + 183. What is the remainder when j(2) is divided by 50?
49
Suppose -k = -46 - 168. Calculate the remainder when k is divided by 114.
100
Let q(b) = 7*b. Let n be (-2)/3 + 10/6. What is the remainder when 3 - (3 + -23 + -4) is divided by q(n)?
6
Let s be ((-2)/3)/((-4)/24). Suppose 4*q - 9 = -3*d, 9 = -q + s*q. What is the remainder when d + 45 - (-12 - -11) is divided by 12?
9
Suppose p + 123 = 4*p + j, -4*p - 5*j + 175 = 0. What is the remainder when 83 is divided by p?
3
Let q = 115 + -25. Suppose 3*w + q = -2*w. What is the remainder when 22 is divided by (w/(-8))/(15/40)?
4
Let y be 16/28 + (-4)/7 + 17. Suppose 4*g - y - 127 = 0. What is the remainder when 143 is divided by g?
35
Let c(h) = 3*h**2 + 6*h - 1. Let j(p) = 14*p - 58. Calculate the remainder when c(-5) is divided by j(5).
8
Let j = 34 - 33. Suppose -12*h + 1 = -11*h. Calculate the remainder when h is divided by j.
0
Let b = 112 - 90. Suppose -b + 142 = 10*q. What is the remainder when q is divided by 5?
2
Let v be (1/4*0)/3. Suppose -b + t = -20, v = 6*b - b + t - 106. What is the remainder when b is divided by 12?
9
Let v(k) = -k**3 + 12*k**2 + 5*k + 20. Calculate the remainder when v(12) is divided by -3 + ((-384)/4)/(-4).
17
Let h(w) = -2*w - 10. Calculate the remainder when 332 is divided by h(-17).
20
Let i = 589 + -566. Calculate the remainder when 35 is divided by i.
12
Suppose -5*l - 4 = -l. Let w = 3 - l. What is the remainder when w is divided by 1/((-6)/9 - -1)?
1
Suppose 0 = 5*g + 5*s - 10, 4*s = -5*g + 7 + 6. Suppose -3*z + 170 = -3*f - 109, -g*z + 470 = -4*f. Calculate the remainder when z is divided by 20.
18
Suppose -7*s = -55 - 43. What is the remainder when (-152)/(-4) - (-2)/(-2) is divided by s?
9
Let z(o) be the second derivative of -o**4/12 - 3*o**3/2 - o**2/2 - 28*o. What is the remainder when 97 is divided by z(-6)?
12
Let j = -36 + 42. Calculate the remainder when 44 is divided by 12/j + 23 + -2.
21
Suppose x - 29 = -2*b, -44*b + 5*x + 8 = -45*b. What is the remainder when 842 is divided by b?
9
Let j = 29 - 7. Suppose 17*n - j*n = -190. Calculate the remainder when n is divided by (1 - -9) + -3 + 1.
6
What is the remainder when 153 is divided by (-6)/(-2)*(-11)/(264/(-320))?
33
Suppose -2*v = -0*v - 8. Suppose 115 = -5*o + 2*c, 0*c = -4*o + 5*c - 92. Let p = -1 - o. What is the remainder when p is divided by v?
2
Calculate the remainder when 30/5 - -270 - -8 is divided by 26.
24
Let d(l) be the third derivative of -l**4/24 + 2*l**3/3 - 12*l**2. Let j be d(-11). Let i = j - 8. Calculate the remainder when 12 is divided by i.
5
Suppose 53*s = 73*s - 460. What is the remainder when 145 is divided by s?
7
Suppose -2*c + 280 = -3*d + d, -5*c = -d - 716. Suppose -2*y + c = 2*y. Calculate the remainder when 141 is divided by y.
33
Suppose f = -4 + 2. Let w(g) = -3*g - 2. Let j be w(f). Suppose j*c - 72 - 240 = 0. Calculate the remainder when c is divided by 16.
14
Let s = 331 - 302. What is the remainder when 115 is divided by s?
28
Let q(v) = v + 25. What is the remainder when q(5) is divided by 5?
0
Suppose -54 = -o + 4*o. Let q = 25 + o. What is the remainder when 19 is divided by q?
5
Let t(q) = 5*q + 1. Let y(h) = h**2 + 7*h - 4 - 4*h + 5 + 0*h**2. Calculate the remainder when y(-6) is divided by t(2).
8
Let w be (9 - 6) + (-2 - 1). Suppose w*r = -r + 75. What is the remainder when r is divided by 19?
18
Let f(v) = 30*v + 619. What is the remainder when 122 is divided by f(-20)?
8
Let y(j) = 19*j + 94. Calculate the remainder when y(8) is divided by 63.
57
Let x(z) = -z**3 + 17*z**2 - 15*z + 3. Let r be x(16). Suppose 2*d - r = -13. Calculate the remainder when d is divided by 2.
1
Let f = 135 - 47. Calculate the remainder when 260 is divided by f.
84
Suppose 41*y + 1398 = 47*y. Calculate the remainder when y is divided by 26.
25
Suppose -2*q + 71 = -4*j + 7*j, 3*j = 3. What is the remainder when q is divided by 21?
13
Suppose 6*m = m + f + 965, -177 = -m - 3*f. Suppose 8*b - 688 = m. What is the remainder when b is divided by 38?
34
Let q(h) = 2*h + 1. Let i(v) = v**3 - 12*v**2 - 31*v + 69. What is the remainder when i(14) is divided by q(3)?
6
Let x = -12 - -12. Let b = x + 3. Suppose -b*y = 3*v - 42, 3*v - 7*v + 11 = -y. Calculate the remainder when 25 is divided by y.
7
Let i be 6*(-5)/45*-15. Let h be 38/14 - 4/(-14). Suppose u - i = z, -2*z = h*z + 25. Calculate the remainder when 9 is divided by u.
4
Let t(y) = -y**3 - 7*y**2 + y + 9. Let c = -106 + 112. Calculate the remainder when c is divided by t(-7).
0
Suppose 0 = 344*i - 338*i - 2388. Calculate the remainder when i is divided by 25.
23
Let j = 2121 - 2045. Calculate the remainder when 452 is divided by j.
72
Let b(p) = -10 + 55*p + 2 + 3. Calculate the remainder when b(2) is divided by (-253)/(-7) - (-11)/(-77).
33
Suppose -f = 2*y + 32, 4*y - 3*y + 124 = -5*f. What is the remainder when (f/(-10))/((-21)/(-280)) is divided by 9?
5
Let b(j) = 2*j**2 + 1. Let n(s) = s**3 + 8*s**2 - s - 11. Let a be n(-8). Suppose -4*z + 180 = z. What is the remainder when z is divided by b(a)?
17
Suppose 5*c = 0, -4*h + 2*c + 219 + 5 = 0. 